r?
True
Let z(p) = 2*p**2 + 5*p + 5. Let b be z(-3). Suppose -4*f + b*f = 3652. Is f composite?
True
Suppose k - 4*l = -k + 74, 3*k = -l + 83. Let f(n) = 3*n + 4. Let a be f(-7). Let z = k - a. Is z prime?
False
Let l be ((-2)/6)/(-1)*0. Let x = -420 + 957. Suppose l = 2*p + p - x. Is p a composite number?
False
Let r be 1 + 8/(1 - -1). Suppose 3*z - 443 = -2*k - 0*z, r*k - 1114 = -z. Is k prime?
True
Let i be (2 + -4)/(5/955). Let p = 649 + i. Is p a composite number?
True
Let k be 1/(4 - (1 + 2)). Suppose k = -5*v + u - 4, 4*v - 4*u = -20. Suppose v = -3*z + 117 + 60. Is z a composite number?
False
Let c = 10863 + 5996. Is c composite?
True
Suppose 0*i + 3959 = 5*a - 2*i, 2363 = 3*a + 5*i. Is a a composite number?
True
Suppose 46 + 20 = 3*x + 3*t, 0 = -x + t + 18. Suppose -x*d = -15*d - 7585. Is d prime?
False
Let v(j) = 974*j**3 - 2*j**2 + 2*j. Is v(1) a prime number?
False
Let m(y) = y**3 - 6*y**2 - 13*y + 13. Let g = -55 + 64. Is m(g) a prime number?
True
Suppose 42*g + q = 39*g + 96347, 5*g - 160589 = q. Is g prime?
True
Suppose -10522 = 3*u - 5*u. Is u prime?
True
Let v be 1 + -4 + 32/4. Let a = -10 + v. Is (4/(-12))/(a/4305) a prime number?
False
Let a be (8/(-6))/((-12)/306). Let b = -32 - a. Let l = b - -145. Is l prime?
True
Let d = 15599 + 20742. Is d composite?
False
Suppose 3*f - z - 502 = 0, -648 = -4*f - 3*z - z. Let g = 45 + f. Is g prime?
True
Let y = 48 + -47. Is y/((-2)/(-2946)) - 2 prime?
True
Suppose -w = 4*m - 6, 0 = 2*w - 2*m + 41 - 3. Let p be 4/(1/30*-2). Let f = w - p. Is f a composite number?
True
Let q(h) = -910*h - 83. Is q(-15) prime?
True
Suppose -3*v = -14*v + 121. Is 22 + (-14 + v - (-1 + 1)) a composite number?
False
Let j be (-6)/4 + (-70)/(-20). Suppose -j*u - 2*u = -8, 2*u = m - 793. Is m a prime number?
True
Let v = -8 + 11. Suppose v*q + 5*h = 247, -3*h - 161 = -4*q + 207. Is q composite?
False
Let i(n) = -n**3 - 9*n**2 - 3. Let b be i(-9). Is b - 0 - (-1670)/5 composite?
False
Let b be 2/((-14)/3) + (-17)/(-7). Suppose -3*d + 164 = -b*j + 894, -2*d = -j + 367. Is j prime?
True
Suppose -3*x = 5*f - 11, -x + 0*x - 3 = -5*f. Suppose 0 = -4*a + 8, 2*r - 5*a = -3*a + x. Suppose 3*o - 79 = -b + o, -163 = -2*b - r*o. Is b a composite number?
False
Let x be ((-16)/(-4))/((-6)/(-15)). Let q = x - 16. Is 58*23*(-3)/q composite?
True
Let w(n) = 44*n**2 + 6*n + 18. Let j(m) = 45*m**2 + 7*m + 17. Let b(f) = -3*j(f) + 4*w(f). Is b(-3) a composite number?
True
Suppose -91*l - 234623 = -1759510. Is l a prime number?
False
Let k = 13 - 16. Let n(c) = -2*c**3 - 5*c**2 - 4*c - 1. Let s be n(k). Let f = s - -17. Is f a prime number?
True
Let c(h) = -17*h**2 + 5*h + 1. Let a be c(-4). Suppose 0 = 27*z - 2690 + 7496. Let o = z - a. Is o composite?
False
Let o = 0 - -2. Suppose -3*g + g - 3*z + 25 = 0, o*g = 2*z. Suppose 4061 = g*y + 786. Is y composite?
True
Suppose -472 = 2*v + 2*v. Let o(n) = 116*n - 7. Let h be o(6). Let g = h + v. Is g a prime number?
True
Suppose -23256 = 6*k - 18*k. Let t = 2849 - k. Is t a composite number?
False
Let x(b) = -404*b + 6. Let d be x(-5). Suppose -d = -3*s - 484. Let k = s + -353. Is k prime?
False
Suppose 1223 = a + 4*s, 0*a - 5*s + 4903 = 4*a. Suppose -10*v + 5*r + a = -6*v, -5*v - 2*r = -1509. Is v a prime number?
False
Let d = 9751 - -1464. Is d a prime number?
False
Suppose 0 = -t - 34*g + 29*g + 5115, -4*g - 25459 = -5*t. Is t prime?
False
Let i = -45 + 24. Let f = i - -14. Let y = 26 + f. Is y prime?
True
Let i(w) = 7453*w**3 - 21*w + 33. Is i(2) composite?
True
Let u(y) = 934*y - 87. Is u(5) a composite number?
False
Let s(f) = 80*f + 35. Is s(27) prime?
False
Let d(j) = -j**3 + 8*j**2 + 8*j - 1. Let c be d(-8). Suppose -4*r + 404 + c = 3*z, -3*r = -z + 463. Is z a composite number?
False
Suppose 0*d = p - 2*d - 13891, 3*p - 41653 = -4*d. Suppose -r = -10*r + p. Is r a prime number?
True
Let d(u) = -1101*u + 15. Let i be d(-5). Suppose 6*a - 2*a - 5*b - 4417 = 0, i = 5*a - 5*b. Is a prime?
True
Suppose 4*l - 20 = -l, 3*c - 2*l = 5992. Suppose 0 = 4*d - c - 2096. Suppose -5*i + d = -151. Is i a composite number?
True
Let j(k) = k**2 - 2*k + 3. Let a be j(0). Suppose -a*c - 4*m + 9420 = 0, 4*c - 9441 = c + 3*m. Is c/15 + 3/(-5) prime?
False
Let l be -3 + -3 + 3 + -3. Let d = -212 - -109. Let j = l - d. Is j prime?
True
Let b be ((-1)/2)/(2/820). Suppose 3*f = 182 - 1136. Let z = b - f. Is z a prime number?
True
Is 3/(21/(-2)) - 478777/(-91) a prime number?
True
Let z be (-3)/(588/195 - 3). Let q = z + 1486. Is q a prime number?
True
Let b be (-1)/(-12)*9*4. Is (b/(-2))/((6/(-1060))/1) prime?
False
Suppose -306 = -5*x + 129. Is (177/2)/(x/3074) a prime number?
False
Suppose 6*y - 32*y = -80678. Is y prime?
False
Let u(f) = 7*f**2 - f + 3. Let a be u(-5). Suppose 3*s + a = 4*s + 5*n, 5*s - 2*n = 780. Let i = 417 - s. Is i prime?
False
Let v(p) = -2*p - 317. Let k be v(0). Let b = 2050 + k. Is b composite?
False
Let u = 78744 + -55025. Is u a composite number?
False
Let j = 26213 - 9880. Is j a prime number?
True
Let n(c) = c**2 - 5*c + 9. Let b be n(3). Suppose -b*x = -810 - 1317. Is x a composite number?
False
Suppose -4*h = -5*m - 25, -3*m - 15 = -h + 4*h. Suppose 7*k - 385 = -h*k. Is k a prime number?
False
Let a(f) = -f - 16. Let i be a(-10). Is (884/(-6))/(i/9) a composite number?
True
Let c = -47 + 196. Suppose -5*h + 4*x = -2468 - c, -h + 509 = 4*x. Is h a composite number?
False
Suppose 2*u + 16 + 0 = 0. Let v(i) = i**3 + 7*i**2 - 8*i + 3. Let o be v(u). Suppose 3*l + o*l = 186. Is l composite?
False
Suppose -2*p + 10 = 0, -359 = 3*f - 5*p + 107. Is (-21)/f + 2672/14 a prime number?
True
Suppose 465 = 12*p + 105. Suppose p*f = 25*f + 4215. Is f prime?
False
Let s(h) = -838*h - 115. Is s(-11) a prime number?
True
Suppose -8 = -2*c + 12. Let n be c*1/2*-10. Let s = n - -189. Is s composite?
False
Let h be 46/69 - 4/6. Suppose i - 5*b = -h*i + 6806, 2*i + 3*b = 13573. Is i a composite number?
False
Let a be 0/(4/(-4)) - (-10 + -3). Let u(q) = 5*q**2 - 15*q - 9. Is u(a) prime?
True
Let u(z) be the first derivative of 11*z**2/2 - 24*z + 14. Is u(11) a composite number?
False
Let s(a) = -62*a - 10. Let o(f) = 187*f + 29. Let r(d) = 374*d + 58. Let c(p) = -11*o(p) + 6*r(p). Let q(x) = 3*c(x) + 8*s(x). Is q(3) a prime number?
False
Suppose 0 = 5*p + 5*j - 60, 4*p - 3*p + 5*j - 24 = 0. Suppose p = 2*k + 2*v - 169, -3*k - v + 275 = 0. Is k a prime number?
False
Suppose -6*u + 273261 + 80049 = 0. Is u prime?
False
Let h(o) = -o**2 + 8*o - 17. Let d be h(5). Is 926 + 0 - (d - 1) composite?
False
Let g = 579 - 106. Is g a composite number?
True
Suppose -b + 12 = 4*w + 3*b, -w = 4*b + 9. Suppose -a + w = 3*k, 3*k + 3*a - 37 = 8*a. Is (-2 - (-430)/k)*2 prime?
True
Suppose 4*f = -2*n - 32, 5*n = f + 3*f - 66. Let h = n + 16. Let s(t) = 16*t**3 + t**2 - t + 3. Is s(h) prime?
False
Suppose -q - 4 = 0, -2*t = 2*t - 2*q - 24508. Suppose 0 = 4*h - 4*o - 5328, 4*h - 3*o + 800 = t. Is h a prime number?
False
Is -4*(-4 + 60723/(-6))/2 composite?
False
Let v(d) = 1447*d**2 - 13*d + 31. Is v(2) prime?
False
Let m(j) = 12*j**2 + 2 + 2 - j**3 + 1 - 3. Let a be m(12). Suppose 0*h = a*h - 8, -f + 5*h + 171 = 0. Is f a composite number?
False
Let s(n) = 528*n + 215. Is s(29) a prime number?
True
Let f(a) = 2*a**2 - 25*a - 139. Is f(-18) a composite number?
True
Suppose -7*f + 24 = -11. Suppose 4*w = f*v - 3 + 7, 2*w - 3*v = 4. Let y(c) = -7*c + 9. Is y(w) prime?
True
Suppose 2*i - 62 = -5*z + 5*i, 5*i - 44 = -3*z. Let k(u) = 163*u - 24. Is k(z) composite?
True
Let x(t) = 62*t**3 + t**2 - 6*t - 4. Is x(5) a prime number?
True
Let o(r) = 6*r - 1. Let k be o(1). Let v(h) be the second derivative of h**4/12 - 3*h**2/2 + 28*h + 2. Is v(k) composite?
True
Let c(g) be the second derivative of g**3/6 + 17*g**2/2 + 7*g. Let w be c(-14). Suppose 6*d - w*d = 177. Is d a composite number?
False
Let f = 27 + -444. Let g = f + 839. Is g composite?
True
Is 2/9 - 4354623/(-81) a composite number?
True
Suppose -418*p + 402*p = -210608. Is p composite?
False
Is 3 + (1259 - 1/(-1)) prime?
False
Let c(j) be the third derivative of -7*j**5/60 + 7*j**4/24 - 4*j**2. Let v be c(6). Let r = -121 - v. Is r prime?
True
Let l(r) = r**3 + 2*r**2 + 4*r - 14. Let f(d) = d**3 + d**2 + 5*d - 15. Let w(q) = -6*f(q) + 7*l(q). Is w(-7) p